= -2*q + o + 40. Suppose m - k = -3, -2*m + 2*k - 5*k = -q. Suppose 2*y = -m*y + 72. What is the units digit of y?
8
Suppose -181 = 2*s - 903. Let k = 3663 - 3894. Let z = k + s. What is the tens digit of z?
3
Let p(f) = -17*f**3 + 4*f**2 + 3*f - 1. Let l(i) = 10*i + 14*i + 9*i - 27*i - 50. Let n be l(8). What is the tens digit of p(n)?
4
What is the ten thousands digit of ((-32)/((-2112)/(-22)))/(1/(-58101))?
1
Let m = 402 + -93. Let f = -4 + m. What is the tens digit of f?
0
Suppose -5*i - 432810 = -61*i - 14*i. What is the tens digit of i?
8
Suppose 20*l = 19*l + 9. Suppose 75 = l*j - 1185. What is the units digit of (-56)/(-5) - -7*(-4)/j?
1
Suppose -20*v = -35*v + 59160. What is the hundreds digit of v?
9
Let u = 88 + -79. Suppose -3*i = -n - 3838, 0 = u*i - 5*i - n - 5119. What is the hundreds digit of i?
2
Let l(a) = a**3 - 13*a**2 + 16*a - 6. Let d be l(11). Let m = d - -72. Suppose m = -z - 5*z + 138. What is the tens digit of z?
2
Let s be -2516 - ((7 - 21) + 8). Let c = s - -3666. What is the units digit of c?
6
Let x(b) = 667*b**2 - 210*b + 636. What is the units digit of x(3)?
9
Suppose -30*z + 18*z - 144 = 0. Let t(s) = -s**2 - 26*s - 13. What is the tens digit of t(z)?
5
Let w = -282 + 5074. What is the units digit of w?
2
Suppose -3*h - 110 - 7 = 0. Let j = h - -44. Suppose -4*w - 62 = -2*l - 2*w, 125 = 5*l + j*w. What is the units digit of l?
8
Let n(h) = -h**3 + 14*h**2 - 9*h - 23. Let b be n(13). Let y = 54 + b. What is the units digit of y?
3
Suppose -89*m + 178704 = -73*m + 29824. What is the hundreds digit of m?
3
Let t(b) = 34*b**2 - 88*b**2 + 29*b**2 + 37*b**2 - 85 - 9*b. What is the tens digit of t(-7)?
6
Suppose -9*k + 15*k + 7*k = 0. What is the units digit of 274 + (k - (1 + 0))?
3
Let p(c) = 11*c - 181. Let v be p(16). Let r(w) = -389*w - 265. What is the tens digit of r(v)?
8
Let g = -5452 - -9708. What is the thousands digit of g?
4
What is the thousands digit of -3 - (-4 + -14*(0 - (-693)/6))?
1
Let c = 17224 - 8617. What is the tens digit of c?
0
What is the units digit of 3/(-2)*(280356/(-36) - 7)?
2
Suppose 3*r - 1239 = 5*n + 4*r, 4*r = 4*n + 996. Let t = 162 + n. Let h = t - -161. What is the tens digit of h?
7
Let w(b) = -28*b**3 - 12*b**2 - 54*b + 79. What is the units digit of w(-8)?
9
Suppose 3*x - 3840 = -f - 4*f, -2*f + 2*x + 1520 = 0. Let s = f - 333. What is the tens digit of s?
3
Suppose 3*d - 44 = 10. Suppose -3*s - 9 = 0, -z + d = 2*s - 4*s. Let b(c) = 2*c**2 - 8*c + 16. What is the units digit of b(z)?
8
Let t(d) = 3*d + 7. Let w be t(-3). Let x be w + 0/(-1) + 5. Suppose 4*u = 2*f + 74, 5*u + x*f + f - 60 = 0. What is the units digit of u?
6
Let c(n) = -n**2 - 10*n - 12. Let r(h) = -8*h**2 + h - 1. Let p be r(1). Let t be c(p). Suppose t*j - 9*j = -720. What is the units digit of j?
4
Let q be (42 - -3)/1 + 10/2. Suppose 0 = -2*h + 3*z + 207, 0*h + h = -z + 116. Let a = h - q. What is the tens digit of a?
6
Let m(r) = -r**2 - 15*r + 1. Let c be m(-13). Let u = c - 15. What is the tens digit of -1*u/(-4) + 73?
7
Suppose -q + 4*x = q + 330, 4*x = -3*q - 535. Suppose -12*c + 3652 = 460. Let f = c + q. What is the tens digit of f?
9
Suppose 7*u - 10*u = 555. Let k = -184 - u. What is the units digit of k?
1
Suppose -13*r + 538 = -814. Suppose d = -2*d - 180. Let y = r + d. What is the tens digit of y?
4
Let b = 133 + -129. Suppose 2*x - 1562 = b*g, -318 = -2*x + g + 1235. What is the hundreds digit of x?
7
What is the tens digit of 12 - 416/(-6)*102?
8
Let z(w) = 2*w**2 - 17*w - 9. Let r be z(18). Suppose -2*c = 7*l - 4*l - 339, -2*c + r = 5*l. What is the hundreds digit of c?
1
Suppose -33 = 3*w - 441. Let s(m) = -m**3 + 14*m**2 + 20*m - 116. Let l be s(13). Let y = l - w. What is the units digit of y?
7
Suppose 145*z - 208208 = 119*z. What is the tens digit of z?
0
Let u(g) = 0 - 4*g**2 - g**3 - 4*g - 4*g + 0*g - 3. Let b be u(-2). Suppose -p + 325 = -w + 5*w, 0 = b*w - 3*p - 385. What is the tens digit of w?
8
Let o be 164/2 - (8 - 4). Suppose 5*n - 16 = a - o, 4*a - 5*n = 233. Let g = 97 - a. What is the tens digit of g?
4
Suppose -1971*s - 7806435 = -2076*s. What is the ten thousands digit of s?
7
Let z(m) = m**3 + 2*m**2 + 11*m - 23. Let x be z(2). Let f(d) = -d**3 + 3*d**2 - d - 2. Let t be f(3). Let r = x + t. What is the tens digit of r?
1
Suppose 279*v + 1286346 = -69*v + 7523898. What is the tens digit of v?
2
Let t(x) = -2693*x + 8482. What is the tens digit of t(0)?
8
Suppose 5*i + 5 = 5*k, 1 = 3*i - k - 0*k. Let m be i/(144/28 + -5). Suppose 732 = -3*x + m*x. What is the hundreds digit of x?
1
Let v(d) = 6705*d - 256. What is the tens digit of v(1)?
4
Suppose -22*o = -61*o + 537381. What is the thousands digit of o?
3
Let c(l) = -408*l + 16819. What is the tens digit of c(-21)?
8
Let o(x) = 7*x**2 + 10 - 2*x - 7*x - 12*x. Let w(z) = -2*z + 19. Let u be w(7). What is the tens digit of o(u)?
8
Suppose -5*h + 2*n + 0*n = -23, -n - 13 = -3*h. Suppose -3*d = -2*c - d + 1120, 0 = -h*d - 12. What is the hundreds digit of c?
5
Let k be 120/(-3 + 15/4). Let v = k - 42. Let q = v - 58. What is the tens digit of q?
6
Let w be (48/(-9) + -1)*570/(-10). Let s = w + -175. What is the tens digit of s?
8
Let a = 700 + -954. Let g = 939 + a. What is the hundreds digit of g?
6
Let u(g) = 6*g**2 - 11*g - 10. Suppose 25 + 41 = 11*a. What is the hundreds digit of u(a)?
1
Suppose 136*a - 20631 = 133*a - 2*k, 3*a + 3*k = 20631. What is the hundreds digit of a?
8
Suppose -12*p = -10*p + 80. What is the units digit of ((p/15)/4)/((-1)/3)?
2
Let r(w) = w**3 + 25*w**2 - 58*w + 41. Let f be r(-27). Suppose 0*u - u - 99 = 0. Let g = u + f. What is the units digit of g?
0
Let y(v) = v**2 - 16*v + 34. Let i be y(3). What is the tens digit of 203 + 0 + -31 + 30 - i?
0
Suppose -6356 = -4*a + 5288. What is the hundreds digit of a?
9
Suppose 0 = p + p - 4*q + 8, -4 = -q. What is the hundreds digit of p + 68*17 - (-2 + 2)?
1
Let n(s) be the third derivative of -s**5/15 + 101*s**3/2 - 30*s**2 - 4. What is the hundreds digit of n(0)?
3
Let o = -52649 + 76441. What is the thousands digit of o?
3
Let t be 16/(-72) + 32*1312/36. Suppose 5*g + 4730 = 5*p, 4*g - t = -5*p + 3528. What is the units digit of p?
2
Suppose -2*c = c. Suppose c = -2*d + 4, -11 = -3*w + d - 4. Suppose 2*l = w*n - 85, -2*n - 3*n - 3*l = -167. What is the tens digit of n?
3
Let v(c) = -3644*c**3 + 9*c**2 - 14*c - 1. What is the thousands digit of v(-2)?
9
Let u(i) be the second derivative of 15*i**4/4 + 4*i**3/3 + i**2/2 - 16*i. Let x be u(-5). Suppose 4*z = -2*z + x. What is the hundreds digit of z?
1
Suppose 0 = -11*q + 8*q + 48. Suppose 12*z - q*z = 116. Let o = z + 30. What is the units digit of o?
1
Let x(f) = f**3 + f**2 - 14*f + 13. Suppose -5*j + 50 = r + 16, j + 5*r - 26 = 0. What is the hundreds digit of x(j)?
1
Suppose 10 = 7*h + 10. Suppose 5*i - 22 - 28 = h. Suppose q = -3*q + 5*y + 423, 0 = -2*y + i. What is the units digit of q?
2
Let g = -713 + 677. Let p(i) = -i**2 - 86*i - 173. What is the units digit of p(g)?
7
Let d(a) = -a - 1. Let v be d(-3). Let b(n) = -n**2 - 41*n - 400. Let r be b(-17). Suppose -m - 4*k + 11 = 0, -m + r = -v*k - 33. What is the units digit of m?
1
Let d(n) be the first derivative of -48*n + 17/3*n**3 + 8*n**2 - 8 + 1/4*n**4. What is the hundreds digit of d(-15)?
1
Suppose 5*i + 3*a + 354 - 10 = 0, -4*i = 5*a + 270. What is the hundreds digit of ((-12)/45*-654)/((-28)/i)?
4
Let x(c) = -9*c**3 - 2*c**2 - 43*c - 248. What is the hundreds digit of x(-8)?
5
Let b = -8 + 6. What is the units digit of (29/b)/(0 - 11/22)?
9
Suppose f = -30*k + 898464, 89823 = 2*k + k + 4*f. What is the thousands digit of k?
9
Let h be (1 - 1) + (-1473)/(-5 - -2). Let q = h + -37. What is the units digit of q?
4
Let u = 5297 + -2845. What is the hundreds digit of u?
4
Suppose -23*s = -91*s + 434248. What is the thousands digit of s?
6
Let q(n) = 773*n**2 - 64*n + 286. What is the hundreds digit of q(5)?
2
Suppose 28763 + 3049 = 66*m. What is the units digit of m?
2
Suppose -3*g + 4*g - u - 7 = 0, 2*g = u + 15. Let j(w) = 24*w - 31. What is the hundreds digit of j(g)?
1
What is the tens digit of 22/14 - 1 - (-56196)/98?
7
Let j(t) = -t - 11. Let s be j(-9). Let v(z) = -16*z**3 + 2*z**2 - 2. Let u be v(s). Let f = u + -71. What is the 